{"id":10,"date":"2022-03-30T18:55:56","date_gmt":"2022-03-30T16:55:56","guid":{"rendered":"http:\/\/mrflamingomrsowl.com\/?page_id=10"},"modified":"2025-11-28T05:41:50","modified_gmt":"2025-11-28T04:41:50","slug":"mr-flamingo-mrs-owl-be-flamazing","status":"publish","type":"page","link":"https:\/\/mrflamingomrsowl.com\/","title":{"rendered":"mr fLamingo &#038; mrs Owl"},"content":{"rendered":"\n<p class=\"has-small-font-size\">Being different manifests itself in many ways. Being different is usually a very positive thing. Being different is an often forgotten form of self-expression..<\/p>\n\n\n\n<p class=\"has-small-font-size\">That&#8217;s why we are here. Different. We want to express our emotions, moods, and satisfaction through the products we design.<\/p>\n\n\n\n<p class=\"has-small-font-size\">We started in Poland, but now it&#8217;s time to fly out around the world\u2026<\/p>\n\n\n\n<p class=\"has-small-font-size\">because in life you have to have your own style\u2026<\/p>\n\n\n\n<figure class=\"wp-block-gallery has-nested-images columns-4 is-cropped wp-block-gallery-1 is-layout-flex wp-block-gallery-is-layout-flex\">\n<figure class=\"wp-block-image size-medium\"><img loading=\"lazy\" decoding=\"async\" width=\"300\" height=\"300\" data-id=\"298\" src=\"https:\/\/mrflamingomrsowl.com\/wp-content\/uploads\/2024\/06\/ESP-23-300x300.png\" alt=\"\" class=\"wp-image-298\" srcset=\"https:\/\/mrflamingomrsowl.com\/wp-content\/uploads\/2024\/06\/ESP-23-300x300.png 300w, https:\/\/mrflamingomrsowl.com\/wp-content\/uploads\/2024\/06\/ESP-23-1024x1024.png 1024w, https:\/\/mrflamingomrsowl.com\/wp-content\/uploads\/2024\/06\/ESP-23-150x150.png 150w, https:\/\/mrflamingomrsowl.com\/wp-content\/uploads\/2024\/06\/ESP-23-768x768.png 768w, https:\/\/mrflamingomrsowl.com\/wp-content\/uploads\/2024\/06\/ESP-23-1536x1536.png 1536w, https:\/\/mrflamingomrsowl.com\/wp-content\/uploads\/2024\/06\/ESP-23-100x100.png 100w, https:\/\/mrflamingomrsowl.com\/wp-content\/uploads\/2024\/06\/ESP-23.png 1890w\" sizes=\"auto, (max-width: 300px) 100vw, 300px\" \/><\/figure>\n\n\n\n<figure class=\"wp-block-image size-medium\"><img loading=\"lazy\" decoding=\"async\" width=\"300\" height=\"300\" data-id=\"326\" src=\"https:\/\/mrflamingomrsowl.com\/wp-content\/uploads\/2025\/11\/eng12-300x300.png\" alt=\"\" class=\"wp-image-326\" srcset=\"https:\/\/mrflamingomrsowl.com\/wp-content\/uploads\/2025\/11\/eng12-300x300.png 300w, https:\/\/mrflamingomrsowl.com\/wp-content\/uploads\/2025\/11\/eng12-1024x1024.png 1024w, https:\/\/mrflamingomrsowl.com\/wp-content\/uploads\/2025\/11\/eng12-150x150.png 150w, https:\/\/mrflamingomrsowl.com\/wp-content\/uploads\/2025\/11\/eng12-768x768.png 768w, https:\/\/mrflamingomrsowl.com\/wp-content\/uploads\/2025\/11\/eng12-1536x1536.png 1536w, https:\/\/mrflamingomrsowl.com\/wp-content\/uploads\/2025\/11\/eng12-100x100.png 100w, https:\/\/mrflamingomrsowl.com\/wp-content\/uploads\/2025\/11\/eng12.png 1890w\" sizes=\"auto, (max-width: 300px) 100vw, 300px\" \/><\/figure>\n\n\n\n<figure class=\"wp-block-image size-medium\"><img loading=\"lazy\" decoding=\"async\" width=\"300\" height=\"300\" data-id=\"329\" src=\"https:\/\/mrflamingomrsowl.com\/wp-content\/uploads\/2025\/11\/pl-24-300x300.png\" alt=\"\" class=\"wp-image-329\" srcset=\"https:\/\/mrflamingomrsowl.com\/wp-content\/uploads\/2025\/11\/pl-24-300x300.png 300w, https:\/\/mrflamingomrsowl.com\/wp-content\/uploads\/2025\/11\/pl-24-1024x1024.png 1024w, https:\/\/mrflamingomrsowl.com\/wp-content\/uploads\/2025\/11\/pl-24-150x150.png 150w, https:\/\/mrflamingomrsowl.com\/wp-content\/uploads\/2025\/11\/pl-24-768x768.png 768w, https:\/\/mrflamingomrsowl.com\/wp-content\/uploads\/2025\/11\/pl-24-1536x1536.png 1536w, https:\/\/mrflamingomrsowl.com\/wp-content\/uploads\/2025\/11\/pl-24-100x100.png 100w, https:\/\/mrflamingomrsowl.com\/wp-content\/uploads\/2025\/11\/pl-24.png 1890w\" sizes=\"auto, (max-width: 300px) 100vw, 300px\" \/><\/figure>\n\n\n\n<figure class=\"wp-block-image size-medium\"><img loading=\"lazy\" decoding=\"async\" width=\"300\" height=\"300\" data-id=\"328\" src=\"https:\/\/mrflamingomrsowl.com\/wp-content\/uploads\/2025\/11\/DE11-300x300.png\" alt=\"\" class=\"wp-image-328\" srcset=\"https:\/\/mrflamingomrsowl.com\/wp-content\/uploads\/2025\/11\/DE11-300x300.png 300w, https:\/\/mrflamingomrsowl.com\/wp-content\/uploads\/2025\/11\/DE11-1024x1024.png 1024w, https:\/\/mrflamingomrsowl.com\/wp-content\/uploads\/2025\/11\/DE11-150x150.png 150w, https:\/\/mrflamingomrsowl.com\/wp-content\/uploads\/2025\/11\/DE11-768x768.png 768w, https:\/\/mrflamingomrsowl.com\/wp-content\/uploads\/2025\/11\/DE11-1536x1536.png 1536w, https:\/\/mrflamingomrsowl.com\/wp-content\/uploads\/2025\/11\/DE11-100x100.png 100w, https:\/\/mrflamingomrsowl.com\/wp-content\/uploads\/2025\/11\/DE11.png 1890w\" sizes=\"auto, (max-width: 300px) 100vw, 300px\" \/><\/figure>\n<\/figure>\n\n\n\n<p><\/p>\n","protected":false},"excerpt":{"rendered":"<p>Being different manifests itself in many ways. Being different is usually a very positive thing. Being different is an often forgotten form of self-expression.. That&#8217;s why we are here. Different. We want to express our emotions, moods, and satisfaction through the products we design. We started in Poland, but now it&#8217;s time to fly out &hellip; <\/p>\n<p class=\"link-more\"><a href=\"https:\/\/mrflamingomrsowl.com\/\" class=\"more-link\">Continue reading<span class=\"screen-reader-text\"> &#8220;mr fLamingo &#038; mrs Owl&#8221;<\/span><\/a><\/p>\n","protected":false},"author":1,"featured_media":0,"parent":0,"menu_order":0,"comment_status":"closed","ping_status":"closed","template":"","meta":{"footnotes":""},"class_list":["post-10","page","type-page","status-publish","hentry"],"yoast_head":"<!-- This site is optimized with the Yoast SEO plugin v21.5 - https:\/\/yoast.com\/wordpress\/plugins\/seo\/ -->\n<title>mr fLamingo &amp; mrs Owl -<\/title>\n<meta name=\"description\" content=\"Bycie innym objawia si\u0119 na wiele sposob\u00f3w. Bycie innym to z co\u015b bardzo pozytywnego. Bycie innym to cz\u0119sto zapomniana forma wyra\u017cania siebie\" \/>\n<meta name=\"robots\" content=\"index, follow, max-snippet:-1, max-image-preview:large, max-video-preview:-1\" \/>\n<link rel=\"canonical\" href=\"https:\/\/mrflamingomrsowl.com\/\" \/>\n<meta property=\"og:locale\" content=\"en_US\" \/>\n<meta property=\"og:type\" content=\"article\" \/>\n<meta property=\"og:title\" content=\"mr fLamingo &amp; mrs Owl -\" \/>\n<meta property=\"og:description\" content=\"Bycie innym objawia si\u0119 na wiele sposob\u00f3w. Bycie innym to z co\u015b bardzo pozytywnego. Bycie innym to cz\u0119sto zapomniana forma wyra\u017cania siebie\" \/>\n<meta property=\"og:url\" content=\"https:\/\/mrflamingomrsowl.com\/\" \/>\n<meta property=\"article:modified_time\" content=\"2025-11-28T04:41:50+00:00\" \/>\n<meta property=\"og:image\" content=\"https:\/\/mrflamingomrsowl.com\/wp-content\/uploads\/2024\/06\/ESP-23-300x300.png\" \/>\n<meta name=\"twitter:card\" content=\"summary_large_image\" \/>\n<meta name=\"twitter:label1\" content=\"Est. reading time\" \/>\n\t<meta name=\"twitter:data1\" content=\"2 minutes\" \/>\n<script type=\"application\/ld+json\" class=\"yoast-schema-graph\">{\"@context\":\"https:\/\/schema.org\",\"@graph\":[{\"@type\":\"WebPage\",\"@id\":\"https:\/\/mrflamingomrsowl.com\/\",\"url\":\"https:\/\/mrflamingomrsowl.com\/\",\"name\":\"mr fLamingo & mrs Owl -\",\"isPartOf\":{\"@id\":\"https:\/\/mrflamingomrsowl.com\/#website\"},\"datePublished\":\"2022-03-30T16:55:56+00:00\",\"dateModified\":\"2025-11-28T04:41:50+00:00\",\"description\":\"Bycie innym objawia si\u0119 na wiele sposob\u00f3w. Bycie innym to z co\u015b bardzo pozytywnego. Bycie innym to cz\u0119sto zapomniana forma wyra\u017cania siebie\",\"breadcrumb\":{\"@id\":\"https:\/\/mrflamingomrsowl.com\/#breadcrumb\"},\"inLanguage\":\"en-US\",\"potentialAction\":[{\"@type\":\"ReadAction\",\"target\":[\"https:\/\/mrflamingomrsowl.com\/\"]}]},{\"@type\":\"BreadcrumbList\",\"@id\":\"https:\/\/mrflamingomrsowl.com\/#breadcrumb\",\"itemListElement\":[{\"@type\":\"ListItem\",\"position\":1,\"name\":\"Home\",\"item\":\"https:\/\/mrflamingomrsowl.com\/\"},{\"@type\":\"ListItem\",\"position\":2,\"name\":\"mr fLamingo &#038; mrs Owl\"}]},{\"@type\":\"WebSite\",\"@id\":\"https:\/\/mrflamingomrsowl.com\/#website\",\"url\":\"https:\/\/mrflamingomrsowl.com\/\",\"name\":\"\",\"description\":\"\",\"potentialAction\":[{\"@type\":\"SearchAction\",\"target\":{\"@type\":\"EntryPoint\",\"urlTemplate\":\"https:\/\/mrflamingomrsowl.com\/?s={search_term_string}\"},\"query-input\":\"required name=search_term_string\"}],\"inLanguage\":\"en-US\"}]}<\/script>\n<!-- \/ Yoast SEO plugin. -->","yoast_head_json":{"title":"mr fLamingo & mrs Owl -","description":"Bycie innym objawia si\u0119 na wiele sposob\u00f3w. Bycie innym to z co\u015b bardzo pozytywnego. Bycie innym to cz\u0119sto zapomniana forma wyra\u017cania siebie","robots":{"index":"index","follow":"follow","max-snippet":"max-snippet:-1","max-image-preview":"max-image-preview:large","max-video-preview":"max-video-preview:-1"},"canonical":"https:\/\/mrflamingomrsowl.com\/","og_locale":"en_US","og_type":"article","og_title":"mr fLamingo & mrs Owl -","og_description":"Bycie innym objawia si\u0119 na wiele sposob\u00f3w. Bycie innym to z co\u015b bardzo pozytywnego. Bycie innym to cz\u0119sto zapomniana forma wyra\u017cania siebie","og_url":"https:\/\/mrflamingomrsowl.com\/","article_modified_time":"2025-11-28T04:41:50+00:00","og_image":[{"url":"https:\/\/mrflamingomrsowl.com\/wp-content\/uploads\/2024\/06\/ESP-23-300x300.png"}],"twitter_card":"summary_large_image","twitter_misc":{"Est. reading time":"2 minutes"},"schema":{"@context":"https:\/\/schema.org","@graph":[{"@type":"WebPage","@id":"https:\/\/mrflamingomrsowl.com\/","url":"https:\/\/mrflamingomrsowl.com\/","name":"mr fLamingo & mrs Owl -","isPartOf":{"@id":"https:\/\/mrflamingomrsowl.com\/#website"},"datePublished":"2022-03-30T16:55:56+00:00","dateModified":"2025-11-28T04:41:50+00:00","description":"Bycie innym objawia si\u0119 na wiele sposob\u00f3w. Bycie innym to z co\u015b bardzo pozytywnego. Bycie innym to cz\u0119sto zapomniana forma wyra\u017cania siebie","breadcrumb":{"@id":"https:\/\/mrflamingomrsowl.com\/#breadcrumb"},"inLanguage":"en-US","potentialAction":[{"@type":"ReadAction","target":["https:\/\/mrflamingomrsowl.com\/"]}]},{"@type":"BreadcrumbList","@id":"https:\/\/mrflamingomrsowl.com\/#breadcrumb","itemListElement":[{"@type":"ListItem","position":1,"name":"Home","item":"https:\/\/mrflamingomrsowl.com\/"},{"@type":"ListItem","position":2,"name":"mr fLamingo &#038; mrs Owl"}]},{"@type":"WebSite","@id":"https:\/\/mrflamingomrsowl.com\/#website","url":"https:\/\/mrflamingomrsowl.com\/","name":"","description":"","potentialAction":[{"@type":"SearchAction","target":{"@type":"EntryPoint","urlTemplate":"https:\/\/mrflamingomrsowl.com\/?s={search_term_string}"},"query-input":"required name=search_term_string"}],"inLanguage":"en-US"}]}},"_links":{"self":[{"href":"https:\/\/mrflamingomrsowl.com\/index.php?rest_route=\/wp\/v2\/pages\/10","targetHints":{"allow":["GET"]}}],"collection":[{"href":"https:\/\/mrflamingomrsowl.com\/index.php?rest_route=\/wp\/v2\/pages"}],"about":[{"href":"https:\/\/mrflamingomrsowl.com\/index.php?rest_route=\/wp\/v2\/types\/page"}],"author":[{"embeddable":true,"href":"https:\/\/mrflamingomrsowl.com\/index.php?rest_route=\/wp\/v2\/users\/1"}],"replies":[{"embeddable":true,"href":"https:\/\/mrflamingomrsowl.com\/index.php?rest_route=%2Fwp%2Fv2%2Fcomments&post=10"}],"version-history":[{"count":19,"href":"https:\/\/mrflamingomrsowl.com\/index.php?rest_route=\/wp\/v2\/pages\/10\/revisions"}],"predecessor-version":[{"id":330,"href":"https:\/\/mrflamingomrsowl.com\/index.php?rest_route=\/wp\/v2\/pages\/10\/revisions\/330"}],"wp:attachment":[{"href":"https:\/\/mrflamingomrsowl.com\/index.php?rest_route=%2Fwp%2Fv2%2Fmedia&parent=10"}],"curies":[{"name":"wp","href":"https:\/\/api.w.org\/{rel}","templated":true}]}}